{"id":82,"date":"2024-12-13T10:59:56","date_gmt":"2024-12-13T10:59:56","guid":{"rendered":"https:\/\/dieheissibohne.ch\/?page_id=82"},"modified":"2025-01-28T12:28:17","modified_gmt":"2025-01-28T12:28:17","slug":"geschenkartikel","status":"publish","type":"page","link":"https:\/\/dieheissibohne.ch\/?page_id=82","title":{"rendered":"Geschenkartikel"},"content":{"rendered":"\n<p class=\"has-text-align-center\"><strong>Escaperoom&#8217;s<\/strong>&#8230;<\/p>\n\n\n\n<figure class=\"wp-block-image size-large\"><img loading=\"lazy\" decoding=\"async\" width=\"1024\" height=\"768\" src=\"https:\/\/dieheissibohne.ch\/wp-content\/uploads\/2025\/01\/20250128_1318361-1024x768.jpg\" alt=\"\" class=\"wp-image-134\" srcset=\"https:\/\/dieheissibohne.ch\/wp-content\/uploads\/2025\/01\/20250128_1318361-1024x768.jpg 1024w, https:\/\/dieheissibohne.ch\/wp-content\/uploads\/2025\/01\/20250128_1318361-300x225.jpg 300w, https:\/\/dieheissibohne.ch\/wp-content\/uploads\/2025\/01\/20250128_1318361-768x576.jpg 768w, https:\/\/dieheissibohne.ch\/wp-content\/uploads\/2025\/01\/20250128_1318361-1536x1152.jpg 1536w, https:\/\/dieheissibohne.ch\/wp-content\/uploads\/2025\/01\/20250128_1318361-2048x1536.jpg 2048w\" sizes=\"auto, (max-width: 1024px) 100vw, 1024px\" \/><\/figure>\n\n\n\n<p class=\"has-text-align-center\"><strong>Escape Room &#8211; Phone Escape Shackle Prison<\/strong><br>Ihr wacht alle in einem dunklen Raum auf und wisst nicht mehr, wie ihr dorthin gekommen seid. Bald stellt ihr fest, dass euch alle eure Handys gestohlen wurden und ihr in einem verfallenen, verlassenen Gef\u00e4ngnis eingesperrt seid &#8211; dem Shackleton-Gef\u00e4ngnis!<br>Phone nicht im Lieferumfang. Sprache: Englisch<br>CHF 35.00<br><br><strong>Escape Room &#8211; Game Over Controller<\/strong><br>ZAP! &#8211; Du bist in der Spielhallenwelt gefangen, und die einzige M\u00f6glichkeit, in die Realit\u00e4t zur\u00fcckzukehren, besteht darin, die Videospielbosse zu besiegen. Der Clou dabei? Sie haben deinen Videospiel-Controller in einen K\u00e4fig gesperrt!<br>Controller nicht im Lieferumfang. Sprache: Englisch<br>CHF 32.00<\/p>\n\n\n\n<figure class=\"wp-block-image size-large\"><img loading=\"lazy\" decoding=\"async\" width=\"1024\" height=\"1024\" src=\"https:\/\/dieheissibohne.ch\/wp-content\/uploads\/2024\/12\/20241213_1102211-1024x1024.jpg\" alt=\"\" class=\"wp-image-115\" srcset=\"https:\/\/dieheissibohne.ch\/wp-content\/uploads\/2024\/12\/20241213_1102211-1024x1024.jpg 1024w, https:\/\/dieheissibohne.ch\/wp-content\/uploads\/2024\/12\/20241213_1102211-300x300.jpg 300w, https:\/\/dieheissibohne.ch\/wp-content\/uploads\/2024\/12\/20241213_1102211-150x150.jpg 150w, https:\/\/dieheissibohne.ch\/wp-content\/uploads\/2024\/12\/20241213_1102211-768x768.jpg 768w, https:\/\/dieheissibohne.ch\/wp-content\/uploads\/2024\/12\/20241213_1102211-1536x1536.jpg 1536w, https:\/\/dieheissibohne.ch\/wp-content\/uploads\/2024\/12\/20241213_1102211-2048x2048.jpg 2048w\" sizes=\"auto, (max-width: 1024px) 100vw, 1024px\" \/><\/figure>\n\n\n\n<p class=\"has-text-align-center\"><strong>Wine Escape Room &#8211; Escape from Sugarskull Hollow<\/strong><br>Finden Sie das Gift um den Wein zu befreien.<br>Wein nicht im Lieferumfang. Sprache: Englisch<br>CHF 32.00<br><br><strong>Whiskey Journey &#8211; The Game<\/strong><br>\u00d6ffne den Tresor um an den Whiskey zu gelangen.<br>Whiskey nicht im Lieferumfang. Sprache: Englisch<br>CHF 32.00<br><br><\/p>\n\n\n\n<p class=\"has-text-align-center\"><strong>Guess that&#8230;<\/strong><\/p>\n\n\n\n<figure class=\"wp-block-image size-large\"><img loading=\"lazy\" decoding=\"async\" width=\"1024\" height=\"385\" src=\"https:\/\/dieheissibohne.ch\/wp-content\/uploads\/2024\/12\/Guess-that-1024x385.jpg\" alt=\"\" class=\"wp-image-117\" srcset=\"https:\/\/dieheissibohne.ch\/wp-content\/uploads\/2024\/12\/Guess-that-1024x385.jpg 1024w, https:\/\/dieheissibohne.ch\/wp-content\/uploads\/2024\/12\/Guess-that-300x113.jpg 300w, https:\/\/dieheissibohne.ch\/wp-content\/uploads\/2024\/12\/Guess-that-768x289.jpg 768w, https:\/\/dieheissibohne.ch\/wp-content\/uploads\/2024\/12\/Guess-that-1536x578.jpg 1536w, https:\/\/dieheissibohne.ch\/wp-content\/uploads\/2024\/12\/Guess-that-2048x771.jpg 2048w\" sizes=\"auto, (max-width: 1024px) 100vw, 1024px\" \/><\/figure>\n\n\n\n<p class=\"has-text-align-center\"><strong>Guess that tune<\/strong><br>Kenne den Songtext und errate das Lied.<br>60iger, 70iger, 80iger, 90iger, 2000er Songs oder Filmzitate.<br>jedes Spiel CHF 9.50<\/p>\n","protected":false},"excerpt":{"rendered":"<p>Escaperoom&#8217;s&#8230; Escape Room &#8211; Phone Escape Shackle PrisonIhr wacht alle in einem dunklen Raum auf und wisst nicht mehr, wie ihr dorthin gekommen seid. Bald stellt ihr fest, dass euch alle eure Handys gestohlen wurden und ihr in einem verfallenen, verlassenen Gef\u00e4ngnis eingesperrt seid &#8211; dem Shackleton-Gef\u00e4ngnis!Phone nicht im Lieferumfang. Sprache: EnglischCHF 35.00 Escape Room [&hellip;]<\/p>\n","protected":false},"author":2,"featured_media":0,"parent":0,"menu_order":0,"comment_status":"closed","ping_status":"closed","template":"","meta":{"footnotes":""},"class_list":["post-82","page","type-page","status-publish","hentry"],"_links":{"self":[{"href":"https:\/\/dieheissibohne.ch\/index.php?rest_route=\/wp\/v2\/pages\/82","targetHints":{"allow":["GET"]}}],"collection":[{"href":"https:\/\/dieheissibohne.ch\/index.php?rest_route=\/wp\/v2\/pages"}],"about":[{"href":"https:\/\/dieheissibohne.ch\/index.php?rest_route=\/wp\/v2\/types\/page"}],"author":[{"embeddable":true,"href":"https:\/\/dieheissibohne.ch\/index.php?rest_route=\/wp\/v2\/users\/2"}],"replies":[{"embeddable":true,"href":"https:\/\/dieheissibohne.ch\/index.php?rest_route=%2Fwp%2Fv2%2Fcomments&post=82"}],"version-history":[{"count":4,"href":"https:\/\/dieheissibohne.ch\/index.php?rest_route=\/wp\/v2\/pages\/82\/revisions"}],"predecessor-version":[{"id":135,"href":"https:\/\/dieheissibohne.ch\/index.php?rest_route=\/wp\/v2\/pages\/82\/revisions\/135"}],"wp:attachment":[{"href":"https:\/\/dieheissibohne.ch\/index.php?rest_route=%2Fwp%2Fv2%2Fmedia&parent=82"}],"curies":[{"name":"wp","href":"https:\/\/api.w.org\/{rel}","templated":true}]}}